379. Suppose 37 = o + 2. What is the remainder when o is divided by l?
5
Suppose 0 = -2*c + 5*c - 2445. Suppose 0 = 9*h - 4*h - c. Suppose -4*o - 5*f = -0*o - h, -2*f = -3*o + 151. Calculate the remainder when o is divided by 12.
11
Let u(a) = -2*a**3 - a + 26. Calculate the remainder when u(-5) is divided by 29.
20
Suppose -13 = 2*w + 5. Let h be (12/w)/(2/(-15)). Suppose h*y - 65 = 5*y. Calculate the remainder when 25 is divided by y.
12
Let h(f) = f**2 + 0*f**2 + 7*f - 7 + 2*f - f. Calculate the remainder when 744/15 + (-2)/(-5) is divided by h(-10).
11
Let o(r) = -2*r**3 - 68*r**2 + r + 58. Suppose -2*k - 5*a + 220 + 14 = 0, 0 = a. What is the remainder when k is divided by o(-34)?
21
Suppose -5*t + 54 + 24 = -2*a, 3*a = 3*t - 45. Suppose 5*d + t = 7*d. Calculate the remainder when 0 + 23 - (1 + -1) is divided by d.
7
Suppose -81 = -4*j + 23. What is the remainder when 40 is divided by (-4)/26 + 550/j?
19
Let u(x) = 5*x**2 + 3*x + 1. Let r be u(-2). Let y = 66 + r. What is the remainder when y is divided by 23?
12
Suppose 17 = -4*i - s - 61, i = 4*s - 28. Let f be 4/18 - i/(-9). Calculate the remainder when 75*(-2)/(f*3) is divided by 14.
11
What is the remainder when -28*(-6 - 9/(-2))/2 is divided by 10?
1
Let f = -72 - -102. Suppose i = -5*k + f, 2*k = k - 4*i - 13. Calculate the remainder when 20 is divided by k.
6
Let r(z) = -z**3 + z**2 + 3*z - 3. Let g be r(2). Let m be 3/2*(g - -5). Let f(p) = 2*p - 8. What is the remainder when 9 is divided by f(m)?
1
Suppose -8*j + 59 = s - 13*j, 2*s + j - 63 = 0. Suppose -f = 4*f - 505. What is the remainder when f is divided by s?
33
Suppose -2*g - 1 = -3. Let k = 3 + g. Suppose -1 = -k*r + 99. What is the remainder when r is divided by 14?
11
Suppose 15 = 3*j, 4*z - 2*j = 6*z - 136. Let h = 103 - z. What is the remainder when h is divided by 14?
12
Let x = 11 + -4. Let w = x - 3. Suppose w*s + i - 87 = 0, -i - 102 = -4*s + i. What is the remainder when s is divided by 9?
5
Suppose -5*v - 25 + 60 = 0. What is the remainder when 60 is divided by v?
4
Let v = 19 - 12. What is the remainder when 11 is divided by v?
4
Let r(q) = -q**3 - 5*q**2 + 5*q - 43. What is the remainder when r(-8) is divided by 14?
11
Let s = -175 - -314. Suppose -s = -4*z + v, 2*v - 9 = 1. Calculate the remainder when z is divided by 19.
17
Suppose 5*i - 165 = -h, h - 2*i - 56 - 74 = 0. Calculate the remainder when h is divided by 13.
10
Let y = -4 - -2. Suppose -3*x + 1 = -2*w + 4, -2*x = 2*w - 8. What is the remainder when 1 - y/1 - -15 is divided by w?
0
Let l = 7 + -4. Suppose -10 = -2*q, -3*q + 29 = -x + 2*x. What is the remainder when l is divided by 2/7*49/x?
0
Let o = 114 - 202. Let g = o - -190. Calculate the remainder when g is divided by 13.
11
Suppose 2*c + 0*c = 5*b + 78, -5*b - 49 = -c. Calculate the remainder when 166 is divided by c.
21
Suppose 750 = 4*t + 94. Let u = t - 73. Calculate the remainder when u is divided by 31.
29
Calculate the remainder when ((-171)/95)/((-3)/345) is divided by 11.
9
Suppose -2089*c + 2093*c = 768. Calculate the remainder when c is divided by 42.
24
Let l = -18 + 24. Suppose 2 = 4*w - l. Suppose w*m - 16 = m. What is the remainder when 79 is divided by m?
15
Let b(j) = -5*j + 9. What is the remainder when 174 is divided by b(-7)?
42
Suppose -22 = -5*n + 3*j, -3 = -j - 2. Suppose 38 = 3*q + n. Calculate the remainder when 42 is divided by q.
9
Let m(k) = -2*k**2 + 2*k + 39. Calculate the remainder when 137 is divided by m(0).
20
Let l(m) = -2*m**2 - 3*m. Let u be l(5). Let i = -37 - u. Calculate the remainder when 55 is divided by i.
27
What is the remainder when -2*115/(-45)*-12*-3 is divided by 47?
43
Let y(a) = -a**2 + 9*a. Let z be 3*(-2)/(-3)*4. Suppose 3*r + 5*c = 6*r, -c = -2*r + 7. What is the remainder when y(z) is divided by r?
3
Let t be 2*11 - 4/2. Suppose 3*w - 16 = 4*l, 4*w = 8*l - 3*l + t. Calculate the remainder when 23 is divided by 9 + 0 - (-3 - w).
11
Calculate the remainder when (-34)/8*-2*14 is divided by 1056/36 + (2/5)/(6/10).
29
Let a be 1 - 5 - (-13 - -5). Suppose 5*u = 5*k + 20, 2 + 2 = -a*k - 2*u. Calculate the remainder when ((-132)/(-72))/(k/(-12)) is divided by 4.
3
Suppose 0 = -5*l + 3*m + 106 + 48, 2*m + 151 = 5*l. Calculate the remainder when 260 is divided by l.
28
Let h = -1340 + 1351. What is the remainder when 77 is divided by h?
0
What is the remainder when 201 + (-6 - -8)/(-1 - -2) is divided by 34?
33
Let b = 636 + -377. Calculate the remainder when b is divided by 129.
1
Let b(y) = y**2 - 8*y + 2. Let r be b(8). Suppose -5*x = 0, -2*c - r*x + 14 = -0*c. Let w = c + 12. Calculate the remainder when 74 is divided by w.
17
Let h be (-392)/18 + (-2)/9. Let l = h - -13. What is the remainder when -28*(l/6 - -1) is divided by 8?
6
Suppose 2*p - 36 = -5*d + 2*d, -4*d + 46 = 2*p. Let k = 9 - 40. Let w = 7 - k. Calculate the remainder when w is divided by d.
8
Let v(n) = n**3 + 41*n**2 - 2*n - 73. What is the remainder when 215 is divided by v(-41)?
8
Suppose -4*b - 5*p + 7 = -0*p, -4*p - 13 = -3*b. Suppose -8 = -3*d + d. Suppose 7 = d*k - 9. What is the remainder when k is divided by b?
1
Let p(v) = -v + 9. Let y = -1 + 5. Let h be p(y). Suppose m - 42 = 2*w - h*w, -2*m - 4*w + 78 = 0. Calculate the remainder when 98 is divided by m.
32
Let r(w) = -w**2 - 2*w - 3. Let x be r(-3). Let a = 20 - 10. Let y = x + a. What is the remainder when 11 is divided by y?
3
Let g = 220 + -234. Let s(a) = 9*a**3 - 2*a**2 + 2*a. Calculate the remainder when s(2) is divided by g/21*-21*(1 - 0).
12
Let g(o) = o**3 - o**2 + 1. Let u(k) = 9*k**3 - 6*k**2 - 2*k + 5. Let f(j) = 6*g(j) - u(j). Calculate the remainder when 41 is divided by f(-2).
20
Let f(h) = h**3 + 2*h**2 - 2*h + 1. Let w be f(1). Let y(m) = -104 + m + 104 + w*m. Calculate the remainder when 34 is divided by y(4).
10
Let k = 59 + -41. Suppose -2*l = 3*l - 60. What is the remainder when k is divided by l?
6
Suppose 103*h - 1394 = -2*f + 106*h, -2*f + 2*h + 1394 = 0. What is the remainder when f is divided by 70?
67
What is the remainder when 48 is divided by 5 + 16 + 1*6?
21
Let x = 7 - -42. Let o = -33 + x. Suppose -3*q + 6*q = 87. Calculate the remainder when q is divided by o.
13
Let o(i) = 18*i**3 - 6*i**2 + 10*i - 8. What is the remainder when o(2) is divided by 37?
21
Suppose 0 = -2*c - i - i - 2, -c - 17 = 5*i. Suppose -4*l = -c*l - 11. Calculate the remainder when 40 is divided by l.
7
Let p(z) = 21*z + 3*z**2 - 1 + 2*z**3 - z**3 + 7*z**2 - 2. Calculate the remainder when 17 is divided by p(-4).
8
Suppose 5*u - 10 = 0, 5*u - 18 - 10 = -x. Suppose -5*m = -5*h + 3*h - x, -h + 1 = 0. Let r = 33 + -22. Calculate the remainder when r is divided by m.
3
Suppose -3*d - 21 = -2*m + 39, m + 4*d = 19. Let h = 24 - 14. Calculate the remainder when m is divided by h.
7
Suppose 0 = -3*g - 4*b + 121 + 33, 5*g + 2*b = 266. Calculate the remainder when g is divided by 19.
16
Let k(a) = 6*a**3 - 2*a**2 + 2*a. Let o be k(4). Suppose -7*n - 108 = -o. Calculate the remainder when 177 is divided by n.
33
Let p(b) = -2*b**2 + 5*b - 9. Let j(z) = -z**2 + 4*z - 10. Let i(c) = 3*j(c) - 2*p(c). Calculate the remainder when 59 is divided by i(-6).
11
Let h be (-2)/(-4) + (-110)/4. What is the remainder when 1/2 - 164/(-8) is divided by (h + 3)*5/(-10)?
9
Let o = -47 - -53. Suppose 28 + o = 2*f. What is the remainder when f is divided by 11?
6
Let z = 13 + -16. What is the remainder when 133 is divided by 30/(z*8/(-36))?
43
Suppose -10*w + 7*w + 54 = 0. What is the remainder when ((-228)/(-342))/(-1 + 269/267) is divided by w?
17
Let s be 8 - ((-3)/(-2))/((-12)/(-24)). Suppose 2*q + b + 23 = 3*q, -s*q - 2*b + 94 = 0. What is the remainder when q is divided by 8?
4
Let h = 22 + -8. Let n = 28 - h. Calculate the remainder when 54 is divided by n.
12
Let j(r) = -18*r + 2. Suppose 3*n - 7*n = -20. What is the remainder when j(-2) is divided by 48/n - (-8)/20?
8
Let c = 26 + -25. What is the remainder when (-3)/9 + (-920)/(-6) + c is divided by 39?
37
Let m(p) = 2 + 9*p**2 + p**3 - 3 + 5 + 8*p. Let t be m(-8). Calculate the remainder when 620/36 - t/18 is divided by 5.
2
Suppose y = 3*y - 12. Let f(i) be the first derivative of -i**3/3 + 9*i**2/2 - 4*i + 1. Calculate the remainder when y is divided by f(8).
2
Let t be (1 - 